*f - j = 2*j + 110, -3*f - j + 52 = 0. What is the remainder when f is divided by a?
4
Let g(q) = -q**2 - 19*q + 4. What is the remainder when g(-17) is divided by 14?
10
Suppose -w = -4*o - 13, 4*w = w + o + 83. Suppose m + 4*v - v = 8, -4*v = -16. Let c(g) = g**2 + 3*g + 4. Calculate the remainder when w is divided by c(m).
5
Let a(b) = -b**2 - 10*b - 9. What is the remainder when 41 is divided by a(-4)?
11
Suppose -16 = v - 34. Suppose b + 5*j = 30, 0 = -2*b - b - 5*j + 50. Calculate the remainder when v is divided by b.
8
Let v(y) = -2*y**3 - y**2 - y + 13. Calculate the remainder when v(0) is divided by 7.
6
Let g(f) = f**3 - 4*f**2 + f - 4. Let y be g(4). Let s(r) = r**3 - r**2 + r + 22. Calculate the remainder when 64 is divided by s(y).
20
Suppose 3*m + 22 = 2*m. Let w = m - -31. Let z(c) = -16*c**3 + c + 1. Calculate the remainder when z(-1) is divided by w.
7
Let j(o) = o**2 + 7*o - 2. What is the remainder when j(5) is divided by 15?
13
Let y(s) = 3*s**2 - 4*s + 2. Calculate the remainder when 32 is divided by y(3).
15
Let d = -13 + 27. Let x(n) be the first derivative of 2*n**3 - n**2 + n + 1. Calculate the remainder when d is divided by x(1).
4
Let r = -9 + 3. Let x = -14 + 24. Calculate the remainder when 28 is divided by x/1*r/(-4).
13
Suppose 159 = 2*o + 2*t + 41, -3*o + t = -173. Let k(p) = -p**2 + 6*p. Let f be k(6). Suppose i + 11 - 26 = f. Calculate the remainder when o is divided by i.
13
Let f(g) = -26*g**3 + g + 1. Suppose 0 = 9*d - 4*d + 5. Calculate the remainder when f(d) is divided by -1 - (0 - (-1 - -11)).
8
What is the remainder when (-11)/((-44)/160) + 4 is divided by 15?
14
Suppose -3*g = -2*t - 49 - 44, g - t = 31. What is the remainder when g is divided by 7?
3
Let d = 27 - 19. Calculate the remainder when 61 is divided by d.
5
Let t(v) = v**3 - 2*v**2 - 7*v + 1. Let i(h) = 2*h**2 + 4*h + 3. What is the remainder when i(-4) is divided by t(4)?
4
Let k be (18/(-30))/(2/(-10)). Suppose -m + k = -0*m. Calculate the remainder when 5 is divided by m.
2
Let d = 9 - -1. What is the remainder when 6 is divided by (4 - 2)/(4/d)?
1
Let h be (4*-1)/((-8)/4). Suppose h*b + 18 = 52. What is the remainder when 31*1*-1*-1 is divided by b?
14
Suppose 6*g - 10*g = -12. Let l = 9 - 7. Suppose l*q = q + 2. Calculate the remainder when g is divided by q.
1
Let g = -60 + 112. Calculate the remainder when 102 is divided by g.
50
Let z(x) = x**2 + 3*x + 8. Calculate the remainder when z(-6) is divided by 14.
12
Let u(m) = 5*m + 9. What is the remainder when 113 is divided by u(4)?
26
Let s(r) = 8*r**3 - 3*r**2 + 5*r + 4. Let z(y) = -7*y**3 + 3*y**2 - 4*y - 3. Let a(g) = -5*s(g) - 6*z(g). Calculate the remainder when 64 is divided by a(3).
20
Let c = -12 - -17. Suppose 133 = c*u + 23. Calculate the remainder when u is divided by 8.
6
Calculate the remainder when 59 is divided by (6/(-9))/(10/(-225)).
14
Let r(f) = 6*f - f - 7 - 3*f. Let g be r(5). Calculate the remainder when 34 is divided by (2/g)/((-1)/(-18)).
10
Suppose -2*z - 2 = -3*i, 3*i + 2*z + 2 = 6*z. What is the remainder when 27 is divided by i?
1
Suppose 0 = -a - 3*a + 140. Let l = a - -2. What is the remainder when l is divided by -2 + 5 + (-50)/(-5)?
11
Suppose -u + 2 = -3*u. Calculate the remainder when 36/4 + -3 - u is divided by 5.
2
Suppose -13 = -4*q - 57. Let m = q - -15. What is the remainder when ((-9)/4)/(6/(-16)) is divided by m?
2
Let g(u) = u**2 - u + 1. Let i(q) = 3*q**2 - 1 + 2 + 2 - 2*q + 3*q**2. Let m(l) = -5*g(l) + i(l). Calculate the remainder when m(-7) is divided by 14.
12
Suppose n = 4*f - 115, 4*f = n - 4*n + 135. Suppose o - f = -o. Calculate the remainder when o is divided by 6.
3
Let j = 50 + -36. Calculate the remainder when 41 is divided by j.
13
Let d = -123 + 133. Let u be (-4)/(-6) - (-32)/6. Let f(s) = s - 3. What is the remainder when d is divided by f(u)?
1
Suppose -5*f + 3*p = -47, 3*f = 5*p + 50 - 9. Suppose 14*b + 12 - 278 = 0. What is the remainder when b is divided by f?
5
Let q be 2 - (-2 - 0) - 0. Suppose q*m - 37 = 11. Suppose 0 = -2*l + l + 34. What is the remainder when l is divided by m?
10
Let x = 58 + -32. Calculate the remainder when x is divided by 9.
8
Let f be 2/11 - (-92)/(-22). What is the remainder when 8*(-2)/f*11 is divided by 23?
21
Let j be (0 + -4)*(-27 + -11). Suppose 2 - 8 = -v. What is the remainder when (6/4)/(v/j) is divided by 20?
18
Let y = -10 - -8. What is the remainder when ((-2)/2)/(y/28) is divided by 5?
4
Calculate the remainder when (-2)/4 + (-1130)/(-20) is divided by 15.
11
What is the remainder when 1*-4 - (-8 + -84) is divided by 30?
28
Let r(p) = 2*p - 15 + 3*p - p - p. Calculate the remainder when 9 is divided by r(7).
3
Suppose 7*f - 2*f = -15. What is the remainder when (-82)/f + (-2)/6 is divided by 14?
13
Suppose 0 = 3*y - 2*h + 29, -4*y + h - 1 - 31 = 0. Let c = y - -12. Suppose -1 = -3*l + 5, -c*g - 2*l = -34. What is the remainder when 10 is divided by g?
4
Suppose -3*c + 15 = 3*s, 0 = 5*c - 6*s + s - 55. Let x(n) = -8*n - 3. Calculate the remainder when x(-3) is divided by c.
5
Let o(j) = -j**3 - 2*j**2 - 3*j + 1. Suppose -1 = a + 2. Calculate the remainder when o(a) is divided by 11.
8
Suppose 411 = 3*m - 3*q, -m + 2*q - 5*q = -117. Suppose 3*w - m = -2*w - 2*h, -2*w + 3*h + 68 = 0. Calculate the remainder when w is divided by 10.
8
Let j = -8 + 13. Suppose 0 = -5*v + i + 64, 0*i + j*i = 5. Calculate the remainder when 64 is divided by v.
12
Suppose -10 = 4*m - 30. Suppose -5*i - 5 = -m*v, 4*i - 8 + 0 = -2*v. Suppose v*q + 1 - 25 = 0. Calculate the remainder when 23 is divided by q.
11
Let s be 54 + 2/(-6)*0. Let n(z) = -2*z**3 + z - 1. Let u be n(2). What is the remainder when 34 is divided by (s/(-4))/(u/20)?
16
Let p be (-3)/2*(-136)/(-12). Let o = p - -19. What is the remainder when o is divided by 2?
0
Let w(h) = -h**3 + 7*h**2 - 8*h + 2. Let a be w(6). Suppose -4*d = 3*c - 21, -5*c = d + 13 + 3. Calculate the remainder when a/((-2)/5 - 0) is divided by d.
7
Let t = -1 - 7. Let c = t + 17. What is the remainder when c is divided by 4?
1
Suppose -89 = -3*n + 313. Suppose 2*t + 2*q - n = 0, -q = -t + 3*q + 42. Suppose -t + 191 = 3*z. What is the remainder when z is divided by 11?
10
Suppose 6*c - 3*c - 18 = 0. Suppose 3*m = c*m - 39. What is the remainder when 38 is divided by m?
12
Suppose -2*n + 1 = -3. Suppose 5 = 3*u + n*x, 4*u + x - 16 = -1. Let g = u + 5. What is the remainder when g is divided by 4?
2
Let l(g) = -g - 2. Let r be l(6). Let t = r - -13. What is the remainder when 9 is divided by t?
4
Let y be 606/4*(-24)/(-18). Suppose -2*s + 41 = -3. What is the remainder when (-4)/s + y/22 is divided by 5?
4
Let y(c) = -17*c + 2. Let t be y(-3). Suppose -3*w - 11 + t = 0. What is the remainder when (-41)/(3 + 8/(-2)) is divided by w?
13
Let u = 32 - 28. Calculate the remainder when 6/15 - (-33)/5 is divided by u.
3
Let d be (12/8)/(3/8). Let g be (-1)/d - 15/20. Let j = g - -7. Calculate the remainder when j is divided by 4.
2
Let r(j) be the first derivative of -j**4/4 + 5*j**3/3 + j**2 + j + 2. Let n = -19 - -51. Calculate the remainder when n is divided by r(5).
10
Let f(r) = r - 5. Let b be f(8). Suppose 2*y + 3*n + n = 36, -2 = y - b*n. Calculate the remainder when 18 is divided by y.
8
Let s = 20 + -6. Let q be (-8)/12 + 91/(-3). Let h = q + 57. Calculate the remainder when h is divided by s.
12
Calculate the remainder when (35/15)/(3/27) is divided by ((-4)/10)/((-3)/45).
3
Calculate the remainder when (0 - -4) + 40 + -7 + -1 is divided by 20.
16
Let z(i) = i - 7. What is the remainder when 3/(-2)*(-8)/6 is divided by z(8)?
0
Suppose -2*g + 15 = 3*r + g, 3*r + g = 9. Suppose r*b - 4*b + 58 = 0. Calculate the remainder when b is divided by 16.
13
Let a(d) be the first derivative of 3/2*d**2 + 2*d + 2. What is the remainder when 49 is divided by a(5)?
15
Let f(q) = 2*q**2 + 6*q + 2. Let x be f(-5). Let b be 0 - -26*(-3)/6. Let n = b + x. What is the remainder when n is divided by 5?
4
Let u(h) = -2*h**3 + 2*h + 1. Suppose 0*n - 1 = n. Let a = -1 + n. What is the remainder when 50 is divided by u(a)?
11
What is the remainder when (-15)/(-2) - (-3)/2 is divided by 6?
3
What is the remainder when (2 - 39/(-12))/((-3)/(-28)) is divided by 18?
13
Suppose -5*y = -8*y - 18